 + -8. Let d = 247 - m. Is d composite?
False
Suppose -3*s = -4*s + 79. Let g = -590 + 590. Suppose g = 2*y + 2*a - 287 - s, 370 = 2*y + a. Is y a prime number?
False
Is -164409*(-2)/12*2 a composite number?
True
Let g be (-2)/11 - (-22)/121. Let w be (g/(8/(-2)))/1. Suppose -c + 1817 = 4*s, w*s - 2*s + 907 = -c. Is s a prime number?
False
Let v(c) = c**2 - 6*c + 10. Let o be v(5). Suppose 4*y - k + 4*k = 27, y = o*k - 22. Is -4*-463*y/12 prime?
True
Is (4/6)/(((-88)/(-274812))/11) a composite number?
False
Let b(f) = 6*f**2 - f - 12. Let m(g) = 12*g**2 - 2*g - 25. Let q(u) = -11*b(u) + 6*m(u). Is q(-11) prime?
True
Let l = -52 - -55. Suppose -1228 = -l*n + n. Is n a prime number?
False
Let y = 647 + -200. Suppose 5*d - y = 1198. Is d composite?
True
Let n = -4773 + 7478. Suppose -2*h = 3*h - n. Suppose -6 = g + g, -h = -2*s + 5*g. Is s prime?
True
Suppose 0 = b + 2*q - 5, q - 20 = -4*q. Let t(s) = 378*s - 3. Let a(x) = -377*x + 4. Let n(f) = b*t(f) - 2*a(f). Is n(-2) a prime number?
True
Let d = 129 - 1027. Let p = -159 - d. Is p a composite number?
False
Let w(z) = -9*z**3. Let l be w(1). Is 308 + l/(5 - 2) a prime number?
False
Suppose 4*q = 4 + 136. Suppose 2769 = 38*f - q*f. Is f prime?
False
Let f(v) = 6*v**3 + v**2 + 16*v - 3. Let t be f(7). Let y = 3234 - t. Is y prime?
False
Suppose 5*s - 3037 - 1608 = 0. Is s a composite number?
False
Let l = -31 - -41. Let c be (-17)/(-5) + 6/l. Suppose -1233 = -c*s - 341. Is s prime?
True
Let g(i) = i**3 + 8*i**2 + 5*i + 6. Let y be g(-4). Suppose -779 = -r + y. Let h = r - 492. Is h a composite number?
False
Let m(c) = -1523*c - 20. Is m(-27) composite?
True
Let i = 1448 - -46845. Is i prime?
False
Suppose 2*g + 4*h - 14 - 4 = 0, -2*h = 3*g - 23. Let x(n) = -2*n**2 - 11*n**3 + 3*n - g*n + 0*n**2. Is x(-3) composite?
True
Suppose 2*k + 30 = 7*k. Let n(a) = 37*a**2 - 16*a + 13. Is n(k) a composite number?
False
Suppose -27*t = 546844 - 1397641. Is t prime?
True
Let f(u) = -177*u**3 + u**2 + 5*u + 10. Is f(-3) composite?
False
Suppose 6*x - 68 = 40. Is (0 - x/(-4))*2 composite?
True
Suppose -5*r - 135871 = -378171. Suppose 7*b - 16185 = r. Is b prime?
False
Suppose 2*n + 2*d - 22 = 0, -5*n - d = -3*d - 34. Suppose 11*w - n*w - 1335 = 0. Is w prime?
False
Suppose 0*l - 70 = -2*l. Suppose 3*h + 2*u - l = -0*u, -h - 3*u = -7. Is h a composite number?
False
Let c = -14 + 17. Suppose 5*j = -4*y + 1441, j - c + 2 = 0. Is y prime?
True
Let x be 6/(-2) + -1 - -3. Let k be x/4 + 143514/(-24). Is 3/7 + k/(-28) a prime number?
False
Let b(l) = 9*l - 22. Let c be b(3). Suppose 3*p - 624 = 3*r, 3*p = -c*r + 777 - 129. Is p composite?
False
Let g = 22 + -19. Suppose 749 = -g*f - 106. Let q = f - -626. Is q prime?
False
Let r(w) be the second derivative of w**3/6 + 127*w**2/2 + 4*w. Let t = 3 - 3. Is r(t) a composite number?
False
Suppose 1486 = 3*p - 8675. Is p prime?
False
Suppose -u + 28863 + 10940 = 0. Is u composite?
True
Suppose -3*a = 19354 - 5779. Let l = -2678 - a. Is l a prime number?
True
Let m be 96/36*114/4 - 0. Suppose -130 = -2*r + m. Is r prime?
True
Suppose 30*n - 628420 = -22*n. Is n a composite number?
True
Let z(w) = 528*w + 905. Is z(29) prime?
True
Is (3/(-2))/((-132)/372856) prime?
False
Is (-9)/(-18) + -1*(-1261)/2 a composite number?
False
Suppose 0 = -5*x + 5*k - 5, 3*x - 3*k + 4*k = 17. Let r be -1*(2 + -3)*5. Suppose 2250 = 3*d - 0*p - r*p, x*d = -4*p + 2968. Is d a composite number?
True
Let r be 4 - (-7)/(7/764). Let a = r + -395. Is -3*-2*a/6 a prime number?
True
Let f = -3393 - -10696. Is f prime?
False
Let p(y) = 316*y - 9. Let i be p(9). Suppose -3*k - i = -9300. Is k a prime number?
False
Let h(g) = 11*g**2 - 14*g + 12. Is h(-13) composite?
False
Suppose -1 + 7 = 2*u. Let s(v) = 27*v**2 + 2*v + 4. Is s(u) composite?
True
Let a(t) = 862*t + 5. Let h be a(2). Let x = h - 842. Is x composite?
False
Let q = 811 - -58. Is q prime?
False
Let n(l) be the first derivative of l**6/120 - l**5/4 + l**4/24 - 2*l**3 + 11*l**2/2 - 7. Let t(y) be the second derivative of n(y). Is t(15) a prime number?
True
Let z(p) = 18*p**3 + 8*p**2 - 8*p + 3. Is z(5) a composite number?
True
Let l be (-2 - -8) + 3 + -1. Let d be 3/(2 + -3) + l. Suppose -3*q - 2*q + 590 = 4*j, 2*q + d*j - 236 = 0. Is q a prime number?
False
Suppose -5*g = -7*q - 10536, -6*g + 3*g - q = -6306. Is g composite?
True
Let h be -3 + ((-2330)/(-2))/(-5). Let l = 230 - h. Is l composite?
True
Let v(u) = u + 61. Let h be v(-15). Suppose h*s + 70 = 48*s. Is s prime?
False
Let m be (4 + 15/(-2))*740. Let k = -1677 - m. Is k prime?
False
Suppose 6459 + 21286 = 5*d. Suppose 9*q - d = 5017. Is q composite?
True
Let o(z) = -z**2 - 10*z. Let y be o(-10). Suppose 2*b + y*b = -j + 1257, -j - 3*b = -1256. Is j composite?
False
Suppose -3*n - 796 = -4*t + 880, 419 = t - 5*n. Is t prime?
True
Suppose -y = -x - 9027, -4*x = y - 2*x - 9015. Is y prime?
False
Suppose -6*v = 17*v - 51727. Is v prime?
False
Suppose -35*h + 31*h + 50128 = 4*c, -2*h - c = -25065. Is h prime?
False
Suppose -84 = 19*i - 23*i. Suppose -12*z - 6714 = -i*z. Is z prime?
False
Suppose 4*x - 217 = o, -5*x - 4*o + 326 = 39. Let l = 346 - x. Is l composite?
True
Let l = 43 + -34. Suppose -4*k - 7715 = -l*k. Is k composite?
False
Suppose -3*h - 6145 = -8*h. Suppose -4*g - 3*f = -0*f - h, 0 = -5*g - 3*f + 1540. Is g a prime number?
True
Let b = 5446 + -3823. Is b composite?
True
Suppose 0 = -y - 10 + 12. Suppose 3*v + 1340 = 5*t - 258, 0 = -5*t - y*v + 1593. Is t a composite number?
True
Let z(j) = 102*j**2 + j + 7. Let f(h) = -51*h**2 - h - 4. Let r(a) = -5*f(a) - 3*z(a). Let i be r(-2). Let y = -82 - i. Is y a prime number?
True
Let z(y) = -4*y**3 - 9*y**2 - 3*y + 5. Let i = -23 + 17. Is z(i) a composite number?
False
Is ((-20730)/45)/(2/(-3)) a composite number?
False
Let c = -61 + 67. Let q(j) = 87*j**2 + 14*j - 13. Is q(c) prime?
True
Let h be 2/(-14) - (-11551)/7. Suppose 2*b = h + 596. Is b composite?
False
Let q = 60 - 47. Suppose -260 = q*i - 18577. Is i composite?
False
Let r(i) = 793*i**3 - 2*i**2 - 3*i - 1. Is r(2) a prime number?
True
Suppose 4*k = 4*v + 4464, -3*k + 14*v - 15*v = -3352. Is k a prime number?
True
Let u(x) be the second derivative of x**5/15 + x**4/12 - 4*x**3/3 - 5*x**2/2 + 7*x. Let p(c) be the first derivative of u(c). Is p(-5) composite?
True
Suppose 4*u = -5*s + 28, 0 = -u - s + 4*s - 10. Suppose 6*f - f = 25, 16 = -2*y + 4*f. Suppose -u*c + 4*c - 117 = -d, y*c = -4*d + 480. Is d a prime number?
False
Let l(y) = 1 + 2 - 6 + 2 - y. Let x be l(-3). Suppose -z - x*o + 9 = -51, 0 = -z + 3*o + 55. Is z a composite number?
True
Suppose -9*n - 62 = -10*n - 5*q, -4*q - 17 = -n. Is n a composite number?
False
Let i = 16 - 13. Suppose -702 = -i*t - 147. Is t a composite number?
True
Suppose -n - 5 = -f, f + 4*n + 2 = 2*f. Suppose -2*g = -f*g + 20. Is (-205)/g*(-16 + 3) prime?
False
Let x be ((-10)/4)/5*8/(-1). Suppose -642 = -x*l + t, -l = l - 2*t - 318. Is l a composite number?
True
Suppose 2*x = -x - 4*u + 48, 3*x - 27 = 3*u. Is 15207/x + 1/(-4) prime?
False
Suppose 0 = -v + 2*j - 6, v + 2*j - 6 = -2*j. Suppose -a + 0*a - 1 = 0. Is a - (v + -2 - -1) a prime number?
True
Let w(z) = 42*z + 2. Let r(m) = -84*m - 4. Let v(c) = -2*r(c) - 5*w(c). Let u be v(-1). Suppose -3*j + u = -26. Is j a composite number?
True
Let z(i) = 14*i + 3*i + 3 + 4*i. Suppose 2*g - 3*b = -7, 5*g - 22*b = -20*b + 10. Is z(g) a prime number?
False
Let f(b) = -1869*b - 167. Is f(-6) a prime number?
True
Let g(h) = h**2 - 9*h + 4. Let c be g(5). Let i = 19 + c. Is 2*i/(-12)*-154 a composite number?
True
Suppose 3*d = 2*n + 58, 5*d + 2*n - 84 + 14 = 0. Suppose d = -y - 93. Let s = y + 186. Is s a prime number?
False
Let w(t) = 53*t**3 - t**2 - 43*t + 219. Is w(8) composite?
False
Let p be (-5)/(10/(-1092))*792/28. Let f = p + -10705. Is f a prime number?
False
Let w(a) = a**2 - 6*a - 18. Let i be w(8). Let q be ((-9)/(-15))/(i/(-5090)). Is q/12 + (-2)/8 prime?
True
Suppose 79*w - 58*w = 246057. Is w a composite number?
False
Let q = 5071 + -2054. Is q composite?
True
Let p(h) = 27*h + 2. Let k(f) = -59*f - 4. Let r(t) = -4*k(t) - 9*p(t). Suppose 57 = -4*y + 5. Is r(y) prime?
True
Let d be 1117 + (-4)/(2 - -2). Let c = d + -529. Is c composite?
False
Suppose 8653 = 3*g + 5*p, 3*p + p = 